2)
-28
Evaluate 1359 + -1371 + (0 - (0 + 3) - (1 + -104)).
88
What is the value of (15 - 3) + 1 + -53 + 88 + -100 - 11?
-63
Calculate -6 + (55 - 9 - 81).
-41
What is 8 - (-3 + 9) - (-90 + 105 + 56)?
-69
Calculate -53 + 116 + -182 - -72.
-47
What is -4 + -25 + -11 - (-4 - 2 - -2)?
-36
(7 - 10) + -9 + -15 - -59
32
Evaluate (-6 - -11) + -1 + -22 - (57 - 53).
-22
Calculate (2 - 12) + -297 + 298 + 150.
141
What is the value of -52 - -33 - (7 - 7 - -37)?
-56
-8 + 3 + -23 + (21 - 10)
-17
(-94 - (41 - 59)) + 51
-25
What is the value of (-21 + 41 - 8) + (22 - (-3 + (-2 - -5)))?
34
(10 + -57 - (-100 - -68)) + -33
-48
Calculate 0 + 95 - (-1662 - -1715).
42
What is the value of (36 - (-7 + 48 + -22)) + 24?
41
Calculate 102 - (-68 - (-130 - 5)).
35
Calculate (1021 - 1032) + 49 + 2.
40
What is the value of (-8 - -12) + -9 + -15 - -43?
23
Evaluate -106 + -71 + 30 + 257.
110
What is the value of (-4 - (7 + 14)) + 82 + -23?
34
What is the value of 1 - 14 - (-8 - -6) - (-234 - -220)?
3
What is -8 + -3 + 14 + -106 + 20?
-83
-2 + -129 + (5 + -28 - (110 - 144))
-120
What is the value of -23 + 8 + (4 - (17 + -12 - 6)) - 5?
-15
Evaluate 38 + -21 - 10 - 23.
-16
Evaluate 65 - (-42 - -82) - 31.
-6
Evaluate (-225 - -119) + 95 - (2 + 4 + (0 - 1)).
-16
What is the value of -3 + 7 + -2 - (668 + -758)?
92
Evaluate 13 + -30 + -4 + 16 + -6.
-11
Calculate 45 - (69 - 31) - -9.
16
What is the value of -30 + -4 + 8 + 16 + (-34 - 7)?
-51
-65 + (-3 - (-11 - (-5 + 3)) - (129 + -126))
-62
(14 - (-20 + 13) - 36) + 22
7
Evaluate -635 - -596 - (-1 + -1).
-37
What is -8 + 15 + -6 - (53 - -8 - -1)?
-61
Calculate -4 - (-20 - 1) - (-29 + 19).
27
What is (24 + -3 - 2) + (-12 - (-15 + -8 + 9))?
21
Evaluate 6 - ((14 - (-3 + 20 + -12)) + 28).
-31
What is 33 + -56 - (3 - -23) - -22?
-27
Calculate -1 - (2 - -2 - -3 - (10 + -4)) - 89.
-91
Evaluate -4 + -22 + (64 - 35) + -25.
-22
Evaluate (60 - 72) + 33 + (3 - 62).
-38
What is -6 + 1 + -2 + -25 + (-108 - -143) - -6?
9
Evaluate 18 - (-17 - -25) - (48 - -2) - (1 - 2).
-39
What is (296 - 346) + (22 - (-8 - -3))?
-23
8 - 1 - 4 - ((22 - -29) + -21)
-27
Calculate (37 - 57 - -37) + -8 + 0 + (-1 - -20).
28
Calculate 0 + 44 + -7 + (15 - -2) + (-28 - -11).
37
(1 - 25) + (-7 - -7) + (53 - 47)
-18
What is (30 - 65) + 44 + 9 + (-1 - -5)?
22
What is 39 - (82 - (22 - 34))?
-55
What is -102 + 81 + (-8 - -6) + 9?
-14
Evaluate -3 + 105 + -97 + -64.
-59
1 - (-1 - -11 - (-16 + (40 - 20)))
-5
3841 - 3869 - (0 - -54)
-82
Calculate -23 + (6 - (-1 + -1) - (5 - -7)).
-27
Calculate (5 - -10) + 6 - (23 - 26) - 0.
24
Calculate -33 + -9 + 1 + (3 + 0 - -4) + 2.
-32
Calculate (-29 - -36) + ((-4 - 1) + -7 - 1).
-6
Calculate 32369 + -32284 - (0 - -153).
-68
13 - (-117 - (-12 - 1)) - (-25 + 13)
129
(3 - 28 - (-26 + 5 + -21)) + (0 - -3)
20
-50 + (-26 - (-18 + -15))
-43
Evaluate -17 + 56 + -22 + 48 - 16.
49
Calculate 10 + 14 + (-2 - 66) + -6.
-50
Calculate -211 - (-124 + 215 + -196).
-106
-63 + 53 + -36 - -37
-9
Evaluate (11 - (-7 - -15)) + 31 - (-1 - -1).
34
Evaluate -21 + (34 - -6) + (11 - 27).
3
What is the value of -5 - (23 - (25 - (63 - 37)))?
-29
What is (19 - (-3 + 8)) + (-173 - -183)?
24
Calculate (2 - (-12 - -7)) + 0 + -2 - (-15 + -31).
51
Evaluate -139 + -90 + (255 - 91).
-65
Calculate 1 - 1 - (0 + -14) - (27545 + -27568).
37
What is -7 + 74 + 27 + (0 - 16)?
78
Evaluate (1 - -88) + -5 + (21 - 5) + -21.
79
Evaluate (-3 - -30) + 2 - (1 - (18 - (8 + 12))).
26
What is the value of -107 - (56 + -83 + -208)?
128
Evaluate -15 - ((11 - 49) + 24) - (0 - (-1 - 7)).
-9
49 - (38 + -44 + 38)
17
Calculate (-2 - (-2 + (15 - 2))) + (1491 - 1467).
11
Calculate -63 - (-99 + 70) - ((-2 - -8) + -3).
-37
What is the value of (0 - -1 - -9) + -195 + 139 + 34 + -1?
-13
(-24 - (-47 + 13)) + -35
-25
(1 - -1) + 1 + -76 + 92 + 33
52
What is the value of -14 - -20 - -86 - (5 - (-5 - -17))?
99
What is -310 - -318 - ((1 - 0) + (19 - (-1 + 5)))?
-8
Calculate -1 + 23 - -12 - 80.
-46
Evaluate (12 - 0) + 0 - 5 - (157 + -195).
45
What is 4856 + -4941 + (0 - -13)?
-72
Calculate 49 + 3 + (1 - (-10 - -4 - -11)).
48
Calculate 31 + -9 + -77 + (-6 - 6) - -10.
-57
Calculate -19 + (6 - -1) + 10 + 3 + 33 + -7.
27
Calculate (-142 - -118) + -41 - (-2 + -17 + 2 + 3).
-51
What is -105 + 10 + (-19 - -35) + -1 + -21?
-101
34 - 58 - -33 - 23
-14
Calculate 3 - (32 + (9 - (11 - 1))).
-28
9 + -3 + 0 + (69 - 43) + -37
-5
33 + 54 + (157 - 137)
107
What is the value of 828 - 773 - (3 - -81)?
-29
-10 + 2 + (-14 - -18 - (-76 - (22 - 9)))
85
What is -2 - -20 - 14 - (52 + -4 + 1)?
-45
What is the value of (64 - -20 - 90) + 84?
78
What is 5 + -28 + (64 + -1 - 3)?
37
What is (-37 - (-94 + -29)) + 4 + (13 - 6)?
97
Calculate 9 - 33 - (-1 + 8 + 1 + -8).
-24
63 + -5 + (-6 - 30)
22
Calculate (120 - -1) + (-4 - -370 - 363).
124
What is -31 - (-63 - (-20 - 24))?
-12
What is the value of (-23 - -16) + (4 - (-4 - 119) - (10 + 2))?
108
Evaluate 7 + (-1 - 3) - 7 - (9 + -70 + 0).
57
4 - 7 - (-3 + (20 - 12))
-8
What is the value of (-118 - (-24 - 50)) + -1 + 0 + -1?
-46
What is the value of 25 + (11 - 21) + (-25 - -21)?
11
Evaluate (-114 + 1 - (-25 + 33)) + (-7 - -16).
-112
Evaluate (3 - -86) + 0 + 42 + -36 + 6.
101
Evaluate -10 - (23 + 3 + -73).
37
Calculate 6 - -3 - ((7 - 36) + 40).
-2
Calculate (-40 - (-9 - -1 - 15)) + -2.
-19
What is the value of (-19 - 5 - -25 - 10) + (-3 - -3) + -133?
-142
What is (18 - (-1 + -35)) + -3 + -3 + 10?
58
-66 + -42 + 19 + -56
-145
What is the value of -165 + 92 + 31 + 23?
-19
What is the value of 4 - (39 + -5 + -19 + 2 - 4)?
-9
Evaluate -7 + -13 + 37 + -1 + -36.
-20
Evaluate -1 + -10 - (45 + -83) - -14 - (-3 - 6).
50
Evaluate (26 - (13 - 24)) + (7 - (8 + (1 - 3))).
38
Evaluate 44 + (-56 - (16 + -21) - -18 - -21).
32
Calculate 33 + ((-24 - -11) + 42 - 21).
41
What is the value of (28 - (-29 + (27 - -86))) + -2?
-58
(-6 + -3 - 5 - 8) + 8 - -35
21
What is the value of -69 - ((22 - 61) + 23 - -3)?
-56
17 - (-27 + (10 - -20)) - (-1 + -41)
56
(1 - -8) + 2 - (-989 - -1007)
-7
Evaluate 2 - (12 + (-12 - 4)) - (-7 + -8).
21
Calculate (17 + -18 + -5 - 44) + 20.
-30
(-25 + -7 - -40) + -1 + 4 + -47
-36
What is -42 - (3 + -55 + -42)?
52
What is -18 + 28 + (-5 - (-1 + 20)) - 32?
-46
92 + 50 + -109 + -39
-6
What is the value of 15 - 4 - (10 - (133 + -18 + 11)) - 3?
124
Evaluate (-73 - -109) + -20 + -2 - 10.
4
Calculate -82 - (2 + 1 + 4 + (-127 - -124) + 9).
-95
What is -37 - -20 - (-54 + 54)?
-17
Evaluate 21 + (-47 - -53) + 5.
32
11 + (6 + 0 + 3 - -15)
35
-9 - (23 - (3 + 12)) - 26
-43
What is the value of 12 + 48 + (-4 + -40 - -22)?
38
Evaluate -7 + (-5 - 1) + 30 + -1 + -49.
-33
What is 38 + 2 + (35 - 49 - -19) + -1 + -1?
43
Evaluate -152 + 58 - -14 - -188.
108
Calculate 62 + -82 - (-13 + (-1 - -22)).
-28
Calculate -22 + 9 + 20 + -53 + 16.
-30
What is the value of -19 + 13 + (200 - 188)?
6
Calculate (38 - 4 - -6) + 1938 + -1995.
-17
What is the value of (-6 - 2 - 62) + (-11 - (-22 - -11))?
-70
(-80 - -84) + -82 + 86
8
What is -5 + 9 + -11 - (28 + (15 - (-10 + 15)))?
-45
Calculate -40 - (-8 + 78 + -181).
71
Calculate (-1 - -32) + -3872 + 3873.
32
Evaluate 41 + 61 + -21 + -49.
32
Evaluate 4 + (-37 - (-11 + -48)).
26
5 + (-11 - (-11 - -9) - -8) + 4 - 65
-57
Evaluate 91 + -152 - ((7 - 2) + 9 + -12).
-63
What is -3681 + 3653 + 2 + (2 - -3)?
-21
Calculate (21 - 26) + (15 - 53 - -1).
-42
Evaluate (1 - 9 - (45 + -49)) + (6 + -6 - 49).
-53
Evaluate -9 - (2 - -21 - (8 + 1)).
-23
Evaluate -4 + -76 + 106 + 1 + 0 + -7.
20
What is 122 + -60 - (10 - (3 - 10))?
45
-44 - (-4 + -22 + 9 - -14 - -13)
-54
Evaluate 18 - ((11 - 13) + -6) - -10.
36
What is the value of -24 + 0 + (-91 - -62 - -15)?
-38
Evaluate 1 + -81 - (-17067 + 16985).
2
Calculate -40 + 1 - (34 - ((-30 - -62) + -2)).
-43
What is -29554 - -29466 - (1 - 102)?
13
What is 1 + -236 - -103 - -67?
-65
What is -74 + (-6 - -34) - -23?
-23
(74 - 63) + -1 + -77 - (0 + -4)
-63
What is -5 + 8 + 22 - (11 - 3)?
17
-59 + (0 + 2 - (43 + (6 - 36) - 12))
-58
Calculate -1 + 2 + (-58 + 30 - -19 - -8).
0
What is -56 + (2 - -51) + 71?
68
What is the value of 14 + (1 - -8) + 10?
33
Calculate -95 + 25 + -287 + 338.
-19
19 - (-69 - (31 - 66)) - 36
17
What is the value of 55 - 145 - (27 - 101)?
-16
What is the value of (576 - 619) + (27 - 9)?
-25
Calculate -1 + 0 + -114 + 124 + -34.
-25
-42 - ((19 - 21) + -